
False
Does 104 divide 16328?
True
Does 27 divide 2758?
False
Does 14 divide 56?
True
Is 5 a factor of 364?
False
Is 1630 a multiple of 17?
False
Is 1053 a multiple of 98?
False
Does 31 divide 27110?
False
Is 884 a multiple of 68?
True
Does 79 divide 11060?
True
Is 41 a factor of 23726?
False
Is 9 a factor of 117?
True
Does 111 divide 11100?
True
Is 57 a multiple of 3?
True
Does 29 divide 5785?
False
Is 36 a factor of 2389?
False
Is 29978 a multiple of 26?
True
Is 38 a factor of 494?
True
Does 36 divide 9036?
True
Is 49 a factor of 892?
False
Is 57 a factor of 399?
True
Is 8855 a multiple of 49?
False
Is 801 a multiple of 46?
False
Is 5 a factor of 248?
False
Does 34 divide 573?
False
Does 72 divide 1152?
True
Is 4374 a multiple of 6?
True
Is 870 a multiple of 26?
False
Does 17 divide 12121?
True
Does 113 divide 5925?
False
Does 53 divide 26010?
False
Is 13608 a multiple of 24?
True
Is 32 a factor of 42431?
False
Does 12 divide 180?
True
Does 8 divide 2816?
True
Is 999 a multiple of 3?
True
Is 2951 a multiple of 99?
False
Is 46 a factor of 2438?
True
Does 38 divide 7254?
False
Does 28 divide 12852?
True
Is 13 a factor of 12480?
True
Does 58 divide 519?
False
Does 18 divide 19350?
True
Does 3 divide 15?
True
Does 20 divide 1951?
False
Is 15642 a multiple of 79?
True
Does 21 divide 2681?
False
Is 6615 a multiple of 27?
True
Is 2922 a multiple of 22?
False
Is 836 a multiple of 42?
False
Is 8 a factor of 66119?
False
Is 88533 a multiple of 81?
True
Is 26503 a multiple of 13?
False
Does 44 divide 528?
True
Does 7 divide 62?
False
Is 16 a factor of 4940?
False
Is 107432 a multiple of 103?
False
Is 50 a factor of 2550?
True
Is 17 a factor of 12282?
False
Is 128 a factor of 12160?
True
Does 7 divide 1348?
False
Is 189 a factor of 1701?
True
Is 2472 a multiple of 6?
True
Does 29 divide 725?
True
Does 24 divide 1080?
True
Is 19774 a multiple of 105?
False
Is 73787 a multiple of 87?
False
Does 51 divide 204?
True
Does 17 divide 4952?
False
Does 12 divide 439?
False
Does 49 divide 828?
False
Is 3355 a multiple of 55?
True
Is 279 a multiple of 29?
False
Is 4 a factor of 8500?
True
Is 1954 a multiple of 24?
False
Is 8 a factor of 96?
True
Is 156 a factor of 780?
True
Does 11 divide 9592?
True
Is 694 a multiple of 53?
False
Is 452 a multiple of 4?
True
Does 24 divide 31?
False
Is 37 a factor of 2624?
False
Is 7 a factor of 179?
False
Does 8 divide 815?
False
Is 24938 a multiple of 37?
True
Does 130 divide 796?
False
Is 1287 a multiple of 9?
True
Does 72 divide 3888?
True
Does 17 divide 1177?
False
Is 6370 a multiple of 14?
True
Is 728 a multiple of 46?
False
Is 21 a factor of 300?
False
Does 12 divide 1212?
True
Is 98 a multiple of 98?
True
Is 4 a factor of 108?
True
Does 10 divide 14670?
True
Is 28084 a multiple of 17?
True
Is 9 a factor of 144?
True
Does 144 divide 52848?
True
Does 102 divide 14858?
False
Is 5 a factor of 85?
True
Is 76 a factor of 9335?
False
Is 6 a factor of 2334?
True
Is 15 a factor of 8325?
True
Is 1886 a multiple of 25?
False
Does 7 divide 1236?
False
Does 34 divide 7883?
False
Is 2849 a multiple of 2?
False
Does 45 divide 1165?
False
Does 2 divide 31?
False
Is 67716 a multiple of 57?
True
Does 101 divide 1616?
True
Does 72 divide 21674?
False
Is 2797 a multiple of 3?
False
Is 5 a factor of 2269?
False
Is 266 a multiple of 19?
True
Does 13 divide 51541?
False
Is 624 a multiple of 3?
True
Does 15 divide 2133?
False
Does 58 divide 1611?
False
Is 95 a factor of 6648?
False
Is 132 a multiple of 4?
True
Is 22 a factor of 1596?
False
Is 102 a multiple of 6?
True
Is 282 a multiple of 6?
True
Is 168 a factor of 20998?
False
Is 2929 a multiple of 20?
False
Is 422 a multiple of 46?
False
Is 9830 a multiple of 94?
False
Is 9331 a multiple of 18?
False
Is 43 a factor of 4902?
True
Does 8 divide 439?
False
Is 1763 even?
False
Is 81 a factor of 1539?
True
Does 50 divide 1461?
False
Is 142 a factor of 2982?
True
Is 779 a multiple of 9?
False
Is 25 a factor of 2075?
True
Does 23 divide 347?
False
Is 1156 a multiple of 13?
False
Is 105 a multiple of 35?
True
Is 38 a factor of 2547?
False
Does 5 divide 1995?
True
Does 13 divide 741?
True
Is 14831 a multiple of 8?
False
Is 5249 a multiple of 18?
False
Is 24 a factor of 38544?
True
Is 22559 a multiple of 19?
False
Is 28 a factor of 9492?
True
Is 180 a multiple of 12?
True
Is 18 a factor of 10728?
True
Is 5 a factor of 10605?
True
Is 13200 a multiple of 22?
True
Is 47 a factor of 774?
False
Is 13 a factor of 48594?
True
Is 15 a factor of 5721?
False
Does 3 divide 7829?
False
Does 40 divide 200?
True
Is 14 a factor of 5236?
True
Is 56 a factor of 4928?
True
Does 32 divide 2162?
False
Is 144 a multiple of 18?
True
Does 2 divide 1898?
True
Does 2 divide 2446?
True
Is 750 a multiple of 3?
True
Is 294 a multiple of 10?
False
Is 4148 a multiple of 6?
False
Is 181 a factor of 11768?
False
Is 2710 a multiple of 271?
True
Is 46 a factor of 2438?
True
Is 39 a factor of 10424?
False
Does 14 divide 696?
False
Is 30265 a multiple of 16?
False
Does 146 divide 11721?
False
Does 260 divide 84241?
False
Does 4 divide 364?
True
Is 863 a multiple of 23?
False
Does 49 divide 4610?
False
Is 6 a factor of 1500?
True
Is 643 a multiple of 12?
False
Is 5361 a multiple of 19?
False
Is 1749 a multiple of 33?
True
Does 9 divide 3555?
True
Does 6 divide 840?
True
Is 8164 a multiple of 95?
False
Is 32 a factor of 7840?
True
Is 56 a multiple of 7?
True
Is 28393 a multiple of 4?
False
Is 390 a multiple of 10?
True
Does 21 divide 2415?
True
Is 95 a factor of 285?
True
Does 22 divide 10516?
True
Is 31 a factor of 637?
False
Is 765 a multiple of 14?
False
Is 1515 a multiple of 10?
False
Is 7 a factor of 809?
False
Is 10047 a multiple of 17?
True
Does 16 divide 96?
True
Does 7 divide 18894?
False
Is 653 a multiple of 14?
False
Does 9 divide 7452?
True
Is 16747 a multiple of 127?
False
Does 7 divide 656?
False
Is 279 a factor of 42966?
True
Does 149 divide 33874?
False
Does 33 divide 2673?
True
Does 17 divide 40987?
True
Is 6384 a multiple of 7?
True
Is 12 a factor of 1128?
True
Is 4884 a multiple of 132?
True
Does 23 divide 68?
False
Does 9 divide 8730?
True
Is 16560 a multiple of 20?
True
Does 11 divide 18614?
False
Does 28 divide 24948?
True
Is 27 a factor of 56674?
False
Is 20743 a multiple of 200?
False
Does 11 divide 45914?
True
Does 17 divide 635?
False
Does 11 divide 5673?
False
Does 11 divide 1429?
False
Does 6 divide 7044?
True
Does 28 divide 27538?
False
Is 4329 a multiple of 23?
False
Is 77 a factor of 5463?
False
Does 103 divide 515?
True
Is 384 a multiple of 8?
True
Is 2394 a multiple of 114?
True
Does 50 divide 2550?
True
Does 254 divide 76304?
False
Is 2226 a multiple of 130?
False
Is 33716 a multiple of 24?
False
Does 57 divide 13393?
False
Is 31 a factor of 682?
True
Is 7 a factor of 1218?
True
Is 111 a factor of 10585?
False
Does 14 divide 621?
False
Is 37136 a multiple of 176?
True
Is 19 a factor of 12673?
True
Is 5701 a multiple of 85?
False
Does 30 divide 870?
True
Is 66 a multiple of 13?
False
Is 16 a factor of 440?
False
Is 13 a factor of 43733?
False
Is 7 a factor of 1192?
False
Is 14672 a multiple of 75?
False
Does 230 divide 51980?
True
Does 85 divide 1089?
False
Is 5 a factor of 1219?
False
Does 9 divide 2979?
True
Is 3 a factor of 724?
False
Is 71 a factor of 1373?
False
Does 7 divide 35?
True
Is 6 a factor of 468?
True
Does 30 divide 2370?
True
Does 172 divide 55556?
True
Is 308 a factor of 10164?
True
Is 4876 a multiple of 53?
True
Is 16271 a multiple of 31?
False
Is 17202 a multiple of 122?
True
Is 27573 a multiple of 39?
True
Is 40766 a multiple of 187?
True
Does 95 divide 5510?
True
Does 4 divide 232?
True
Is 8300 a multiple of 25?
True
Does 155 divide 41695?
True
Is 34 a factor of 614?
False
Does 3 divide 1133?
False
Is 1056 a multiple of 24?
True
Is 8816 a multiple of 29?
True
Is 29 a factor of 5916?
True
Is 146 a factor of 2190?
True
Does 279 divide 60822?
True
Is 115808 a multiple of 28?
True
Is 2448 a multiple of 36?
True
Is 983 a multiple of 57?
False
Is 2080 a multiple of 160?
True
Is 19 a factor of 2658?
False
Does 11 divide 121?
True
Does 28 divide 152?
False
Does 11 divide 1947?
True
Does 38 divide 5464?
False
Is 9 a factor of 1125?
True
Is 2954 a multiple of 14?
True
Does 3 divide 188?
False
